{"id":77,"date":"2020-11-07T18:27:46","date_gmt":"2020-11-07T22:27:46","guid":{"rendered":"https:\/\/msdys.com\/tienda\/?post_type=product&#038;p=77"},"modified":"2025-01-04T21:08:29","modified_gmt":"2025-01-05T01:08:29","slug":"windows-10-pro","status":"publish","type":"product","link":"https:\/\/msdys.com\/tienda\/producto\/windows-10-pro\/","title":{"rendered":"Windows 10 Pro"},"content":{"rendered":"<p>Windows 10 Pro, es un sistema operativo creado por Microsoft, ha nacido a trav\u00e9s de la experiencia y caracter\u00edsticas de las anteriores versiones, ha diferencia de la versi\u00f3n HOME, el Pro cuenta con ventajas ideales para empresarios, profesionales y usuarios aficionados.<\/p>\n<p>Su aparici\u00f3n ha sido en el 2015, sin embargo, la versi\u00f3n vive en constantes actualizaciones para mejorar la experiencia del usuario, tanto en herramientas como en software.<\/p>\n<p>Principalmente Windows 10 Pro se tiene en cuenta para empresas por su amplio sistema de seguridad de datos<\/p>\n<p><strong>Ventajas<\/strong><br \/>\n\u2713 Modo remoto : A diferencia de otras versiones de Windows, la versi\u00f3n Pro permite en modo remoto y a su vez tomar el control.<\/p>\n<p>\u2713 Cuenta con Bitlocker : Es un software que protege ante amenazas externas, hackers como tambi\u00e9n nuestros documentos, su funcionamiento es a trav\u00e9s de encriptamiento.<\/p>\n<p>\u2713 Frente a las actualizaciones : No son obligatorias, se tiene en cuenta que no todo momento es adecuado para realizar una actualizaci\u00f3n que toma varios minutos. Por ello, es posible posponerlas incluso por meses.<\/p>\n<p>\u2713 En servidores : En el caso de los servidores, siempre ha sido fundamental el uso de una gran capacidad de memoria RAM por lo cual la versi\u00f3n Pro de Windows te permite ejecutar hasta 2TB.<\/p>\n<p>\u2713 Acceso a diferentes navegadores : Encontrar\u00e1s diferentes sistemas de navegadores, en donde podr\u00e1s acceder principalmente a Google Chrome, en otro plano Microsoft Edge como tambi\u00e9n contar con el gran rendimiento de Mozilla Firefox.<\/p>\n<p>&nbsp;<\/p>\n<p>&nbsp;<\/p>\n","protected":false},"excerpt":{"rendered":"<h1>Windows 10 Pro<\/h1>\n","protected":false},"featured_media":194,"comment_status":"open","ping_status":"closed","template":"","meta":[],"product_cat":[32,29],"product_tag":[47,48,50,49],"class_list":{"0":"post-77","1":"product","2":"type-product","3":"status-publish","4":"has-post-thumbnail","6":"product_cat-sistemas-operativos","7":"product_cat-software","8":"product_tag-sistema-operativo","9":"product_tag-windows","10":"product_tag-windows-10-pro","11":"product_tag-windows10","12":"thunk-woo-product-list","13":"opn-qv-enable","14":"top-store-woo-hover-zoom","15":"top-store-single-product-tab-horizontal","16":"top-store-shadow-","17":"top-store-shadow-hover-","19":"first","20":"instock","21":"virtual","22":"purchasable","23":"product-type-simple"},"_links":{"self":[{"href":"https:\/\/msdys.com\/tienda\/wp-json\/wp\/v2\/product\/77","targetHints":{"allow":["GET"]}}],"collection":[{"href":"https:\/\/msdys.com\/tienda\/wp-json\/wp\/v2\/product"}],"about":[{"href":"https:\/\/msdys.com\/tienda\/wp-json\/wp\/v2\/types\/product"}],"replies":[{"embeddable":true,"href":"https:\/\/msdys.com\/tienda\/wp-json\/wp\/v2\/comments?post=77"}],"wp:featuredmedia":[{"embeddable":true,"href":"https:\/\/msdys.com\/tienda\/wp-json\/wp\/v2\/media\/194"}],"wp:attachment":[{"href":"https:\/\/msdys.com\/tienda\/wp-json\/wp\/v2\/media?parent=77"}],"wp:term":[{"taxonomy":"product_cat","embeddable":true,"href":"https:\/\/msdys.com\/tienda\/wp-json\/wp\/v2\/product_cat?post=77"},{"taxonomy":"product_tag","embeddable":true,"href":"https:\/\/msdys.com\/tienda\/wp-json\/wp\/v2\/product_tag?post=77"}],"curies":[{"name":"wp","href":"https:\/\/api.w.org\/{rel}","templated":true}]}}