{"id":201,"date":"2023-01-11T16:23:50","date_gmt":"2023-01-11T20:23:50","guid":{"rendered":"https:\/\/msdys.com\/tienda\/?post_type=product&#038;p=201"},"modified":"2025-01-04T20:48:34","modified_gmt":"2025-01-05T00:48:34","slug":"camara-inalambrica-bc1c","status":"publish","type":"product","link":"https:\/\/msdys.com\/tienda\/producto\/camara-inalambrica-bc1c\/","title":{"rendered":"Camara (WIFI Inalambrica) Con Bateria BC1C"},"content":{"rendered":"<p>La c\u00e1mara BC1C \u2014100 % inal\u00e1mbrica y recargable\u2014 ofrece una protecci\u00f3n integral del hogar durante hasta 210 d\u00edas con una sola carga. Se puede instalar f\u00e1cilmente en cualquier lugar para una mayor seguridad y cuenta con las principales tecnolog\u00edas de EZVIZ en lo que respecta a visi\u00f3n nocturna en color, conversaci\u00f3n bidireccional, defensa activa y m\u00e1s.<\/p>\n<p>Protecci\u00f3n del hogar sin complicaciones gracias a una mayor duraci\u00f3n de la bater\u00eda.<br \/>\nLa BC1C es una c\u00e1mara con bater\u00eda recargable y dise\u00f1o 100% inal\u00e1mbrico que ofrece una completa protecci\u00f3n del hogar hasta por 210 d\u00edas con una sola carga. Se puede instalar f\u00e1cilmente en cualquier lugar para mejorar la seguridad, cuenta con las tecnolog\u00edas m\u00e1s destacadas de EZVIZ de visi\u00f3n nocturna a color, audio bidireccional, defensa activa y m\u00e1s.<\/p>\n<p><strong>Menos preocupaci\u00f3n gracias a una mayor duraci\u00f3n de la bater\u00eda.<\/strong><br \/>\nLa c\u00e1mara BC1C est\u00e1 equipada con una bater\u00eda recargable de 7.800 mAh, tiene una duraci\u00f3n de hasta 210 d\u00edas* con una carga completa de la bater\u00eda, garantizando un rendimiento estable durante todo el d\u00eda y la noche. Tambi\u00e9n puede conectarse al panel solar EZVIZ para obtener energ\u00eda directamente.<br \/>\n*Los datos proceden de estrictas pruebas en el laboratorio de EZVIZ, en condiciones est\u00e1ndar.<\/p>\n<p><strong>Visi\u00f3n nocturna n\u00edtida.<\/strong><br \/>\nGracias a los dos reflectores incorporados, la c\u00e1mara BC1C puede ofrecer im\u00e1genes en colores n\u00edtidos incluso en la m\u00e1s absoluta oscuridad. Esto le permite ver detalles cruciales que de otro modo se perder\u00edan.<\/p>\n<p><strong>Las alertas de movimiento son m\u00e1s precisas que nunca.<\/strong><br \/>\nAl integrar un Sensor Infrarrojo Pasivo (PIR) y un algoritmo de detecci\u00f3n de contoro humano, la c\u00e1mara BC1C es lo suficientemente inteligente como para distinguir a las personas de otros objetos en movimiento, lo que le da seguridad al tiempo que reduce las notificaciones no deseadas.<\/p>\n<p><strong>Un vigilante de su propiedad.<\/strong><br \/>\nLos usuarios pueden establecer marcos de tiempo espec\u00edficos para la detecci\u00f3n. Una vez que la c\u00e1mara detecta la forma de una persona, la c\u00e1mara BC1C activar\u00e1 autom\u00e1ticamente una sirena y har\u00e1 destellar dos reflectores* para hacerles saber que han sido detectados. Un vigilante de su propiedad.<\/p>\n<p>Mensajes de voz personalizables.<br \/>\nLa BC1C, un producto con un dise\u00f1o bien pensado, le permite crear mensajes de voz \u00fanicos* para saludar o disuadir.<br \/>\n*Soporta la grabaci\u00f3n de tres mensajes de audio de 10 segundos.<\/p>\n<p>Hable, como si estuviera ah\u00ed.<br \/>\nVea y escuche lo que sucede y charle con sus visitantes, \u00a1todo con un toque en la aplicaci\u00f3n EZVIZ!.<\/p>\n<p>Configuraci\u00f3n r\u00e1pida y sencilla sin cables.<br \/>\nCon una bater\u00eda de gran tama\u00f1o, conectividad Wi-Fi y una base magn\u00e9tica, la c\u00e1mara BC1C no requiere ning\u00fan tipo de ayuda profesional para su instalaci\u00f3n. Simplemente fije la c\u00e1mara a cualquier superficie met\u00e1lica y \u00a1listo!<\/p>\n<p>Construida para durar.<br \/>\nLa c\u00e1mara BC1C cuenta con una carcasa IP66, que ofrece altos niveles de protecci\u00f3n contra el polvo y el agua y brinda una protecci\u00f3n duradera incluso en las condiciones clim\u00e1ticas m\u00e1s severas.<\/p>\n<p>Protegemos sus datos y su privacidad.<br \/>\nLa protecci\u00f3n de sus datos y su privacidad es nuestra mayor prioridad. La transmisi\u00f3n de datos entre la c\u00e1mara y la Nube EZVIZ est\u00e1 encriptada de extremo a extremo. Solo usted tiene las claves para desencriptar sus datos.<\/p>\n<p>Par\u00e1metros de la C\u00e1mara<br \/>\nSensor de imagen:Sensor CMOS de Escaneo Progresivo de 1\/2.8&#8243; y 2 Megap\u00edxeles<br \/>\nIluminaci\u00f3n M\u00ednima: 0.2 lux a (F1.6, AGC Encendido), 0 lux con infrarrojo<br \/>\nVelocidad de Obturador: Obturador autoadaptativo<br \/>\nLente: 2.8 mm @ F1.6; 125\u00b0 (Diagonal), 107\u00b0 (Horizontal)<br \/>\nMontura del Lente: M12<br \/>\nD\u00eda y Noche: Filtro de reflexi\u00f3n de IR con interruptor autom\u00e1tico<br \/>\nDNR: 3D DNR<br \/>\nVisi\u00f3n Nocturna: 10 m<\/p>\n<p>Video y Audio<br \/>\nResoluci\u00f3n m\u00e1x.: 1920 \u00d7 1080<br \/>\nTasa de Cuadros por Segundo: 50 Hz a 25 fps, 60 Hz a 30 fps. Autoadaptativo durante la transmisi\u00f3n de red<br \/>\nCompresi\u00f3n de Video: H.265 \/ H.264<br \/>\nTasa de Bits de Video: Ultra-HD; HD; Est\u00e1ndar. Tasa de bits adaptativa.<br \/>\nTasa de Bits de Audio: Autoadaptativa<br \/>\nM\u00e1x. Tasa de Bits: 2 Mbps<\/p>\n<p>Red<br \/>\nWifi est\u00e1ndar: IEEE802.11b, 802.11g, 802.11n<br \/>\nRango de Frecuencia: 2.4 GHz &#8211; 2.4835 GHz<br \/>\nAncho de Banda del Canal: Soporta 20MHz<br \/>\nSeguridad: WEP de 64\/128-bit, WPA\/WPA2, WPA-PSK\/WPA2-PSK<br \/>\nTasa de Transmisi\u00f3n: 11b: 11 Mbps, 11g: 54 Mbps, 11n: 72 Mbps<br \/>\nEmparejamiento Wi-Fi: Emparejamiento AP<br \/>\nProtocolo: Protocolo patentado de la nube de EZVIZ<br \/>\nProtocolo de Interfaz: Protocolo patentado de la nube de EZVIZ<br \/>\nRequisitos M\u00ednimos de Red: 2 Mbps<\/p>\n<p>Funci\u00f3n<br \/>\nAlarma Inteligente: Detecci\u00f3n de Personas con IA<br \/>\n\u00c1rea de Alerta Personalizada: Soporta<br \/>\nComunicaci\u00f3n Bidireccional: Soporta<br \/>\nFunciones Generales: Anti-Parpadeo, Se\u00f1al Activa, Protecci\u00f3n con Contrase\u00f1a, Marca de Agua<\/p>\n<p>Almacenamiento<br \/>\nAlmacenamiento Local: Almacenamiento eMMC de 32 GB incorporado<br \/>\nAlmacenamiento en la Nube: Almacenamiento en la Nube de EZVIZ<\/p>\n<p>General<br \/>\nCondiciones de Funcionamiento: -20 \u00b0C a 50 \u00b0C (-4 \u00b0F a 122 \u00b0F ), Humedad 95% o menos (sin condensaci\u00f3n)<br \/>\nGrado de IP: IP 66<br \/>\nSuministro de Energ\u00eda: 5 V CC \/ 2 A<br \/>\nCapacidad de la Bater\u00eda: 7800 mAh<br \/>\nConsumo de Energ\u00eda: M\u00e1x. 5 W<br \/>\nDimensiones del producto: 104.76 \u00d7 62.80 \u00d7 62.80 mm (4.12 \u00d7 2.47 \u00d7 2.47 pulgadas)<br \/>\nDimensiones del Empaque: 186.0 \u00d7 103.0 \u00d7 103.0 mm (7.3 \u00d7 4.0 \u00d7 4.0 pulgadas)<br \/>\nPeso: Producto: 365 g (12.8 oz) Con embalaje: 835 g (28.4 oz)<\/p>\n<p>Incluido en la caja:<br \/>\n&#8211; C\u00e1mara BC1C<br \/>\n&#8211; Base Magn\u00e9tica<br \/>\n&#8211; Base Atornillable<br \/>\n&#8211; Adaptador de Corriente<br \/>\n&#8211; Cable USB<br \/>\n&#8211; Placa de montaje<br \/>\n&#8211; Plantilla de perforaci\u00f3n<br \/>\n&#8211; Kit de Tornillos<br \/>\n&#8211; Informaci\u00f3n Reglamentaria<br \/>\n&#8211; Gu\u00eda de Inicio R\u00e1pido<\/p>\n","protected":false},"excerpt":{"rendered":"<h1>C\u00e1mara IP 100% Inal\u00e1mbrica<\/h1>\n","protected":false},"featured_media":202,"comment_status":"open","ping_status":"closed","template":"","meta":[],"product_cat":[19,102],"product_tag":[105,38,104,106,103],"class_list":{"0":"post-201","1":"product","2":"type-product","3":"status-publish","4":"has-post-thumbnail","6":"product_cat-camaras","7":"product_cat-inalambricas","8":"product_tag-bateria","9":"product_tag-camaras","10":"product_tag-inalambricas","11":"product_tag-recargable","12":"product_tag-wifi","13":"thunk-woo-product-list","14":"opn-qv-enable","15":"top-store-woo-hover-zoom","16":"top-store-single-product-tab-horizontal","17":"top-store-shadow-","18":"top-store-shadow-hover-","20":"first","21":"instock","22":"sale","23":"shipping-taxable","24":"purchasable","25":"product-type-simple"},"_links":{"self":[{"href":"https:\/\/msdys.com\/tienda\/wp-json\/wp\/v2\/product\/201","targetHints":{"allow":["GET"]}}],"collection":[{"href":"https:\/\/msdys.com\/tienda\/wp-json\/wp\/v2\/product"}],"about":[{"href":"https:\/\/msdys.com\/tienda\/wp-json\/wp\/v2\/types\/product"}],"replies":[{"embeddable":true,"href":"https:\/\/msdys.com\/tienda\/wp-json\/wp\/v2\/comments?post=201"}],"wp:featuredmedia":[{"embeddable":true,"href":"https:\/\/msdys.com\/tienda\/wp-json\/wp\/v2\/media\/202"}],"wp:attachment":[{"href":"https:\/\/msdys.com\/tienda\/wp-json\/wp\/v2\/media?parent=201"}],"wp:term":[{"taxonomy":"product_cat","embeddable":true,"href":"https:\/\/msdys.com\/tienda\/wp-json\/wp\/v2\/product_cat?post=201"},{"taxonomy":"product_tag","embeddable":true,"href":"https:\/\/msdys.com\/tienda\/wp-json\/wp\/v2\/product_tag?post=201"}],"curies":[{"name":"wp","href":"https:\/\/api.w.org\/{rel}","templated":true}]}}