{"id":169,"date":"2022-12-27T15:59:36","date_gmt":"2022-12-27T19:59:36","guid":{"rendered":"https:\/\/msdys.com\/tienda\/?post_type=product&#038;p=169"},"modified":"2025-01-04T20:53:09","modified_gmt":"2025-01-05T00:53:09","slug":"windows-11-pro","status":"publish","type":"product","link":"https:\/\/msdys.com\/tienda\/producto\/windows-11-pro\/","title":{"rendered":"Windows 11 Pro"},"content":{"rendered":"<p>Windows 11 Pro incluye todas las caracter\u00edsticas de Home al tiempo que a\u00f1ade caracter\u00edsticas adicionales, principalmente para entornos profesionales. Una de las m\u00e1s notables es BitLocker, una caracter\u00edstica de seguridad que \u201ccifra\u201d o \u201ccodifica\u201d los datos de un equipo inform\u00e1tico. Otras relevantes son WIP, que ayuda a proteger las aplicaciones y los datos empresariales contra las fugas de datos accidentales y el resto tienen que ver con administraci\u00f3n y gesti\u00f3n empresarial como el hipervisor Hyper-V, Windows Sandbox o el soporte completo para Windows Remote Desktop.<br \/>\nHay otras diferencias que el sitio de Microsoft no cita y que puede ser importante para algunos usuarios, como que Windows 11 Home ya no admite cuentas locales en la instalaci\u00f3n (como s\u00ed es posible con Windows 10 Home) y requiere que vincules una cuenta ID de Microsoft al sistema, mientras que la versi\u00f3n Pro s\u00ed puede usar cuentas locales desde la misma instalaci\u00f3n. Una y otra pueden funcionar con ambas una vez instalados.<\/p>\n<p>Tambi\u00e9n existen algunas diferencias con respecto al hardware. Ambos tienen los mismos requisitos m\u00ednimos de hardware (4 GB de RAM, 64 GB de almacenamiento, una CPU de doble n\u00facleo, TPM 2.0, arranque seguro o una GPU compatible con DirectX 12), pero Windows 11 Home solo admite hasta 64 n\u00facleos de CPU y 128 GB de RAM. Tampoco es compatible con sistemas con dos CPUs, aunque realmente no es algo que se use en el mercado de consumo.<\/p>\n<p>&nbsp;<\/p>\n","protected":false},"excerpt":{"rendered":"<h1>Windows 11 Pro<\/h1>\n","protected":false},"featured_media":198,"comment_status":"open","ping_status":"closed","template":"","meta":[],"product_cat":[32,29],"product_tag":[47,48,50,49],"class_list":{"0":"post-169","1":"product","2":"type-product","3":"status-publish","4":"has-post-thumbnail","6":"product_cat-sistemas-operativos","7":"product_cat-software","8":"product_tag-sistema-operativo","9":"product_tag-windows","10":"product_tag-windows-10-pro","11":"product_tag-windows10","12":"thunk-woo-product-list","13":"opn-qv-enable","14":"top-store-woo-hover-zoom","15":"top-store-single-product-tab-horizontal","16":"top-store-shadow-","17":"top-store-shadow-hover-","19":"first","20":"instock","21":"virtual","22":"purchasable","23":"product-type-simple"},"_links":{"self":[{"href":"https:\/\/msdys.com\/tienda\/wp-json\/wp\/v2\/product\/169","targetHints":{"allow":["GET"]}}],"collection":[{"href":"https:\/\/msdys.com\/tienda\/wp-json\/wp\/v2\/product"}],"about":[{"href":"https:\/\/msdys.com\/tienda\/wp-json\/wp\/v2\/types\/product"}],"replies":[{"embeddable":true,"href":"https:\/\/msdys.com\/tienda\/wp-json\/wp\/v2\/comments?post=169"}],"wp:featuredmedia":[{"embeddable":true,"href":"https:\/\/msdys.com\/tienda\/wp-json\/wp\/v2\/media\/198"}],"wp:attachment":[{"href":"https:\/\/msdys.com\/tienda\/wp-json\/wp\/v2\/media?parent=169"}],"wp:term":[{"taxonomy":"product_cat","embeddable":true,"href":"https:\/\/msdys.com\/tienda\/wp-json\/wp\/v2\/product_cat?post=169"},{"taxonomy":"product_tag","embeddable":true,"href":"https:\/\/msdys.com\/tienda\/wp-json\/wp\/v2\/product_tag?post=169"}],"curies":[{"name":"wp","href":"https:\/\/api.w.org\/{rel}","templated":true}]}}